3. Suppose 7 = o*j - 3*j. What is the units digit of j?
7
Let z(r) = r**3 + 3*r**2 - r - 1. Let b be z(2). Suppose -310*k - 128 = -318*k. Suppose b*c - k*c = 39. What is the tens digit of c?
3
Let o = -331 - -191. Let w = 173 + o. What is the tens digit of w?
3
Suppose -3*g - 2*i = -8*g + 16, 2*i = -6. Suppose g*q = -4 - 6, 0 = -5*o - q + 450. What is the tens digit of o?
9
Suppose -4*y - 4*v = -38 - 58, y + 3*v - 18 = 0. What is the tens digit of (-2)/18 - (-1191)/y?
4
Let v(o) = -22*o - 18. Let f be v(8). What is the tens digit of (-2)/(((-3)/f)/(3/(-4)))?
9
Let f(t) = 2*t**2 - 6*t. Let u be f(-5). Let p(r) = 15*r - 4. Let l be p(4). Let s = u - l. What is the tens digit of s?
2
Let b(u) = 6*u**3 + 2*u**2 - 8*u - 9. Let y(o) = -18*o**3 - 7*o**2 + 25*o + 28. Let m(i) = 7*b(i) + 2*y(i). What is the tens digit of m(3)?
3
Let b(v) = v**3 - 9 + 15*v**2 - 4*v**2 - 9*v - 4*v. Let k be b(-12). Suppose -k*o + 68 = o. What is the tens digit of o?
1
Suppose 0 = -5*k + 3*q + 4475, 2*q = 2*k + 4*q - 1790. What is the units digit of k?
5
What is the hundreds digit of 324*(5 - (-34)/(-8))?
2
Let w be (60 - 57)/((1 + -2)/(-1)). Suppose 0 = 5*g + 5*h - 445, g - h + 176 = w*g. What is the units digit of g?
7
Let h(m) = m**3 - 31*m**2 + 32*m - 10. What is the tens digit of h(33)?
2
Suppose 4704 + 854 = 7*k. What is the tens digit of k?
9
Suppose 5*n + 14 + 11 = 0, r - 5*n = 2703. What is the units digit of r?
8
Let b(p) = -3*p**3. Let t be b(1). Let i be 18/(-3)*(-2 - t). What is the tens digit of (-8)/i*(-84)/(-8)?
1
Suppose 5*m = -5*o + 35, 5*o + 22 - 1 = 2*m. Suppose -5*d + d + m = 0. What is the units digit of d?
2
Let i = 5788 - 2914. What is the thousands digit of i?
2
Let b(a) = a**2 - 27*a + 82. Suppose -p + 37 - 12 = 0. What is the units digit of b(p)?
2
Suppose 5354 = 3*y - h, 110*h = 3*y + 111*h - 5362. What is the tens digit of y?
8
Suppose 8*p + 4443 = 5*k + 10*p, -5*k - 3*p + 4447 = 0. What is the hundreds digit of k?
8
Let d(v) = -v + 2. Let x be d(-3). Suppose -51 - 30 = -3*s. Suppose t + x*j - 1 = 0, -3*t - 5*j + 16 + s = 0. What is the tens digit of t?
2
Let m be ((-8)/5)/(213/(-105) + 2). What is the tens digit of (-2 + 4)/(-1) + m?
5
Suppose 3*q + 20 = 4*q. Suppose q = 11*y - 6*y. What is the units digit of y?
4
Let s(c) = -11*c**3 + c. Let l be s(-1). Let x = 16 - l. Suppose x*i - 5*i - 12 = 0. What is the units digit of i?
2
Let l(f) = -39*f - 302. What is the units digit of l(-27)?
1
Let l(h) = -h. Let g(b) = -7*b + 8. Let d(u) = g(u) - 5*l(u). Suppose i = 2*i. What is the units digit of d(i)?
8
Suppose 0*d + 657 = -5*d - 3*a, -5*d - 5*a - 665 = 0. Let s = d + 257. What is the units digit of s?
8
Suppose -8*q + 25326 = 10*q. What is the thousands digit of q?
1
What is the hundreds digit of (62 - 8)*(44 - (-1 + 3))?
2
Suppose 5*i = 33 - 3. What is the units digit of 4/i + (-1793)/(-33)?
5
Let c = 17 - 7. Suppose -9*w = -c*w. Let o = 23 - w. What is the tens digit of o?
2
Let o(t) = t**2 + 6*t - 6. Suppose -3*k + k = 12. Let z be o(k). What is the tens digit of 120/5 - z/2?
2
Suppose 87 = -24*w - 5*w. Let g(x) = x**3 - 2*x**2 - 3. Let m be g(3). What is the units digit of (236/(-8))/(w/m)?
9
Let g be 5*(-1)/2*-2. Suppose -13 - 7 = -g*i. Let d(a) = 3*a**2 - 7*a + 6. What is the units digit of d(i)?
6
Suppose -10*g = -6*g - 16. Suppose 400 = g*y + y. What is the tens digit of y?
8
Suppose -2*w + 12 = 2*w. Suppose -w = -2*g + 1. Suppose 0*d + 18 = g*d. What is the units digit of d?
9
Let r = 10 + -10. Let n be r - -1*4/2. Let p = 7 - n. What is the units digit of p?
5
Let h(j) = 8*j**2 + 6*j - 6. Let a be h(-6). Let m = 473 - a. What is the units digit of m?
7
Suppose 5*l - 36 - 174 = 3*t, -2*l + 68 = 2*t. Let f = 86 - l. What is the tens digit of f?
4
Let z = 799 + -407. What is the tens digit of z?
9
Let a(q) = 2*q**2 + 44*q + 77. Let p(j) = j**2 + 29*j + 51. Let h(o) = 5*a(o) - 8*p(o). What is the hundreds digit of h(-7)?
1
What is the hundreds digit of (8796/15)/1 - 72/180?
5
Suppose 0*f = f + 2*d + 173, 3*f - 4*d = -569. Let a = f + 121. Let v = 121 + a. What is the units digit of v?
9
Let s(p) = p**3 - 2*p + 3. Let q be s(0). Suppose f + q*f = 0. Suppose f = k - 32 - 1. What is the units digit of k?
3
Let l be 4/10 - 124/10. Suppose -5*d = -i - 15, 0*d + 2*d = -5*i + 6. What is the tens digit of 131/d + l/18?
4
Let d(k) = -7*k + 5. Let c be d(1). What is the units digit of 1/c*(2 + -2 + -274)?
7
Suppose -2*q = -6*q + 12. Let t = 1 + q. Let v = 22 - t. What is the tens digit of v?
1
Let x = 295 - 54. What is the tens digit of x?
4
Let c be (10/4)/((-369)/54 - -7). Suppose -14*m + c*m = 191. What is the units digit of m?
1
Let q(i) be the third derivative of -i**6/120 - i**5/12 + i**4/4 + i**3/2 - i**2. What is the tens digit of q(-7)?
5
Suppose 1714 = 2*l - 1368. What is the tens digit of l?
4
Let f = 1 - -4. Suppose -s = -2*s + 30. Suppose f*p = 3*q - 18, 2*p - p = 3*q - s. What is the units digit of q?
1
Suppose -a - 2*x - 2 = 0, a = 6*x - x + 19. Suppose 70 + 74 = a*m. What is the units digit of m?
6
Suppose 0*o = -o + 4, -p + 570 = o. What is the hundreds digit of p?
5
Let l = 315 - 212. Suppose 43 = t + 2*h, -5*t - 4*h + 112 = -l. What is the tens digit of t?
4
Let q(a) = 267*a - 2. Let w be q(8). Suppose 25*i - 14*i = w. What is the hundreds digit of i?
1
Suppose -3762 = 5*v - 12842. What is the hundreds digit of v?
8
Let x = 484 - 218. Let g be x/8 - (-2)/(-8). Let s = g + -8. What is the tens digit of s?
2
Let s(r) = -134*r**3 + 3*r**2 + 18*r - 12. What is the tens digit of s(-3)?
7
What is the thousands digit of -1 + 1870 - (-520)/65?
1
Let w(i) = -i + 1. Let j(x) = 8*x - 5. Let r(t) = -j(t) - 4*w(t). Let k be r(-1). Suppose 4*m - 3*m - k*z + 1 = 0, -3*m = z - 77. What is the tens digit of m?
2
Suppose x - 470 = -4*y - x, 0 = -4*y + 3*x + 485. What is the tens digit of y?
1
Let q be (4/10 - (-80)/50) + 608. Suppose 37 = -3*h + q. What is the tens digit of h?
9
Let g be (-2)/(-5) + (-2989)/35. Let y = g + 157. What is the tens digit of y?
7
Suppose 2*z = 2*t - 278, -z - 4*z = 2*t - 292. Let k = -94 + t. What is the tens digit of k?
4
Let o be 2 - (-33)/(-6)*-6. Suppose 3*g - 4 = o. Suppose -2*k - g + 59 = 0. What is the tens digit of k?
2
Let m = -2 - 9. Let r(o) = o**2 + o - 25. What is the tens digit of r(m)?
8
Let x(d) = -299*d + 17. What is the tens digit of x(-1)?
1
Let h(j) = j**3 - 5*j**2 - 8*j + 2. Suppose 3*c - 2 = x + 26, 4*c - 2*x - 40 = 0. What is the hundreds digit of h(c)?
1
Let i be 1357 + (2/(-3) - (-48)/18). Suppose 0 = 6*f - i + 369. What is the hundreds digit of f?
1
Let o(x) = 3*x - 21. Let i be o(10). Suppose -7*n = -i*n + 84. What is the units digit of n?
2
Let f(z) = -26*z**3 - z - 1. Let s be f(-1). Suppose 4*i - 6*i = s. Let d = 10 - i. What is the tens digit of d?
2
Let x be 9/(-12) - (-2)/(-8) - 5. What is the tens digit of x/(-4)*(-80)/(-6)?
2
Suppose 2*p = -4*t - 1504, -1039 + 275 = 2*t + 4*p. Let i = -137 - t. What is the units digit of i?
7
Suppose 4*g - 5*z - 2531 = 0, 2*z - 105 + 95 = 0. What is the units digit of g?
9
Let g = 7 - -50. Suppose -t + 4*t = g. What is the tens digit of t?
1
Let y be ((-2)/(-5))/(4/360). Suppose -2*s - 4*s = y. Let c(z) = -z**2 - 5*z + 10. What is the units digit of c(s)?
4
Let s be (-8)/(-14) - (-3)/(42/1070). Let v = 203 - s. What is the tens digit of v?
2
Let a(c) = -c**3 + 15*c**2 + 7*c + 37. Let b be (-15)/25 - (-78)/5. What is the tens digit of a(b)?
4
Let k = -36 - -40. Suppose -k*w + 128 = -8*w. Let m = w + 39. What is the units digit of m?
7
Let a be (1 - 3/1) + 7. Suppose -a*r = -0*r + 35. Let s(f) = -f**3 - 5*f**2 + 7*f - 1. What is the units digit of s(r)?
8
Suppose -6*d + 5*d = -q - 628, q = -2*d + 1259. What is the units digit of d?
9
Suppose 0 = 35*d - 34*d - 66. What is the tens digit of d*-6*42/(-54)?
0
Suppose -13*f + 7325 = -5467. What is the hundreds digit of f?
9
Suppose 104 = 5*n - 3*n. Let v(f) = -f**2 + 14*f + 16. Let t be v(16). Let l = n + t. What is the units digit of l?
6
Let m(i) = -i**3 + 2. Let l be m(0). Suppose -2*q - 12 = -l*z, -16 = 2*q - 0*q - 4*z. What is the tens digit of 18 + 2/q*4?
1
Suppose 0 = 5*y - 0*y - 50. Suppose 10*w - 7*w + 996 = 0. What is the units digit of w/(-14) - y/(-35)?
4
Suppose -152 = 18*w + w. Suppose 0 =